3317. Suppose -z*k = -53*k + l. List the prime factors of k.
2, 3, 5
Let p = -1230 + 3833. What are the prime factors of p?
19, 137
Let c(o) = 30*o - 4. Let g be c(4). Let t(b) = 5*b + 52. Let y be t(-10). Suppose 10 = -y*d + g. What are the prime factors of d?
53
Suppose -5*m + 9 = -6. Let i = 279 - 118. List the prime factors of (m + 4/(-2))*i.
7, 23
Suppose -76*q + 73*q + 9 = 0. What are the prime factors of (-6)/(3 - 1)*(-47)/q?
47
Suppose -5*r + 13*r = 256. Let p = r + -32. Suppose v = 6*v - 5*b - 620, p = 5*v + 3*b - 652. List the prime factors of v.
2
Let v(k) = -440*k - 353. List the prime factors of v(-62).
26927
Suppose 0 = 11*m - 3256 + 1144. Suppose 5*c + 2*v = m, -3*c + 4*c - 60 = 5*v. Suppose 118*i = 122*i - c. List the prime factors of i.
2, 5
Suppose 1391626 = 192*a - 5470070. List the prime factors of a.
2, 107, 167
Suppose -13429 + 44677 = 2*r - 4*j, 4*j = -3*r + 46892. What are the prime factors of r?
2, 3907
Suppose 4*f - 2487 = -2*t + 1579, -4*f = 12. Let j = t + -1309. What are the prime factors of j?
2, 5, 73
List the prime factors of 581/249 + (-142790)/45*9/(-6).
2, 2381
Let d = 201 + -305. Let a = -99 - d. Suppose h - a*c = 80, -5*h - 8*c + 3*c = -340. What are the prime factors of h?
2, 5, 7
Let j be (0 - 2) + (4 - 0). Suppose q - 5 = -2*p, 0 + j = 2*q. Suppose 3 + 27 = p*s. What are the prime factors of s?
3, 5
Suppose 90*v = 91*v - 64. What are the prime factors of (-4*(-28)/v)/((-1)/(-12))?
3, 7
Let j(p) = -93*p - 147. Let u be j(-20). Suppose 12*o = u + 2559. What are the prime factors of o?
2, 89
Let o = -353 - -582. Suppose 7*t - 618 = o. List the prime factors of t.
11
Let i be 280/90 - (6/27)/2. Suppose p + 411 = 3*q, -223 - 51 = -2*q - i*p. What are the prime factors of q?
137
Suppose 163*a - 167*a + 2*i = -57086, 3*a + 5*i = 42860. What are the prime factors of a?
5, 571
Let d be (-144)/(-30) - 3/(-15). Let h(g) = 1 + g**3 - 4*g**3 - 4*g**2 + 4*g**3 + 6*g + 0. What are the prime factors of h(d)?
2, 7
Let i(r) = r**2 - 3*r + 251. Let g be i(0). Let x = -240 + g. What are the prime factors of x?
11
Let i(h) = 2*h + 25. Let b be i(-10). Suppose -b*j + 20 = 2*a, -4*a + 2*a = 4*j - 16. List the prime factors of a/(-11) + 538/2 - 0.
269
Let l = 262 - 258. Suppose 0 = -5*o + l*p + 3577, -2*o - 4*p + 606 = -836. List the prime factors of o.
3, 239
Let m(f) = -2973*f - 487. List the prime factors of m(-3).
2, 17, 31
Let u = 32760 - 21402. List the prime factors of u.
2, 3, 631
Suppose -7955 = -2*f - u + 6466, -14418 = -2*f - 4*u. What are the prime factors of f?
7211
Suppose r = 4*x + 3, r = -0*r + 5*x + 3. Suppose 4*j - r*y - 195 = -22, 2*y = 2. What are the prime factors of j?
2, 11
Suppose 0 = 4*h - 3*x + 41, -2*x - 19 = 5*h + 38. List the prime factors of h + (-756)/(-44) - 4/22.
2, 3
Suppose -2*u + 6 = -10. Let t be (-592)/3 + u/24. Let n = 291 + t. What are the prime factors of n?
2, 47
Let a(s) be the first derivative of 31*s**2/2 - 6*s + 1. Let g be -8 - ((-7 - 5)/2 + -6). List the prime factors of a(g).
2, 59
Let r be -862 + 4/6 + (-3)/(-9). List the prime factors of 1/(r/3556 - (-1)/4).
127
Let r(z) = -z**2 - 3*z + 16. Suppose 22*h - 25*h + 6 = 0. Suppose 12 - h = -2*g. What are the prime factors of r(g)?
2, 3
Let l(j) be the second derivative of -49*j**5/20 - j**4/4 - j**3/2 + 32*j. Let h be l(-1). Let s = -14 + h. What are the prime factors of s?
5, 7
Suppose 9*w = 21*w. Suppose -4*k = -w - 12. Suppose -5*b + k*s + 585 = 0, s + 0*s = -5*b + 605. List the prime factors of b.
2, 3, 5
Suppose 13*p = 7*p + 12. Let b be ((p + -6)/1 - -5) + 1. What are the prime factors of (366 - -8)*(1 - b/4)?
11, 17
Let c(z) = 3*z**2 - 2*z - 6. Suppose 0 = w - 2*w + 3. Let h be c(w). Let t(v) = -v**3 + 14*v**2 + 16*v - 5. What are the prime factors of t(h)?
2, 5
What are the prime factors of (-61 - -1)*162373/(-818)?
2, 3, 5, 397
Let p = 25297 + -15540. What are the prime factors of p?
11, 887
Let l be 0 + 3 - (28 + 20). Let g = 97 + l. List the prime factors of g.
2, 13
Suppose -5*j = 12619 - 44482 - 29117. What are the prime factors of j?
2, 3049
Let p(u) = -u**3 + 13*u**2 - 16*u + 53. Let g be p(12). Suppose 700 = 5*y + g*t, t = 3*y - 139 - 273. What are the prime factors of y?
2, 3, 23
Suppose 5*d = 17 - 7. Suppose -d*h = l + 3*l - 1058, 0 = 3*l - 6. Suppose -9*n + h = -2*n. List the prime factors of n.
3, 5
Suppose 5*c + 1110 = 10*c - 5*o, 5*o - 870 = -4*c. Let y(b) = b**3 + 4*b**2 + 2*b - 3. Let g be y(-3). Suppose c = 2*s - g*s. List the prime factors of s.
2, 5, 11
Let o be (-1 - 6/6)*-2. Suppose -5*g = -4*v + 863, -o*v + v - 3*g + 654 = 0. What are the prime factors of v?
7, 31
Suppose 0 = 4*z + 12, -12 = -3*f - 2*z + 4*z. List the prime factors of (-218 + -1)*(f + (-10 - -7)).
3, 73
Let f = -118 - -117. Let h(y) = y. Let r(s) = -43*s + 16. Let k(m) = f*r(m) + 6*h(m). What are the prime factors of k(5)?
229
Suppose -3*s + 3*k = -66, -7*s = -4*s - 5*k - 56. Let n = s - 49. Let d = n + 38. What are the prime factors of d?
2
Let u(c) be the first derivative of c**3/3 - 7*c**2/2 + 7*c - 1. Suppose 0 = h - 4*j - 8 + 6, -4*h = -2*j - 64. List the prime factors of u(h).
5, 41
Let r(v) = -v**3 - 12*v**2 - 17*v - 22. Let z(s) = s**3 - 22*s**2 + 21*s - 12. Let u be z(21). What are the prime factors of r(u)?
2, 7, 13
Let b(v) = -2*v**3 + v**3 - 9*v**2 - 4*v + 3*v**2 - 12 - 4*v. Let o be b(-5). List the prime factors of (-67)/((-3)/(o/1)).
67
Suppose -8*y - 29 = -45. Suppose 27 = 2*s + v + y*v, -2*v + 6 = 0. Suppose s*f - 252 = 6*f. List the prime factors of f.
2, 3, 7
Suppose 4*p = -3*m + 6, -4*p = -8*p - 2*m + 4. Let l be p - -2 - 340/(-10). List the prime factors of (l/72)/(1/278).
139
Let q = 6634 + -158. Suppose -3*s + 12 = 3, -5*p - 2*s = -q. List the prime factors of p.
2, 647
Let g(t) = 3571*t + 3379. What are the prime factors of g(11)?
2, 3, 5, 79
Let o be 1/(1/(-538 + 3)). Let l = -261 - o. List the prime factors of l.
2, 137
Let s = -491 - -1764. Suppose -4*i = 3*q - 1243, -s = -5*q + 2*q + 2*i. What are the prime factors of q?
421
Let q be 82/(-123)*3/2. What are the prime factors of (6 + q - 46)/((-2)/62)?
31, 41
List the prime factors of 510394/11 - (-96)/176 - -1.
3, 15467
Suppose -5*o = -4*p + 52, o + 32 = -0*p + 2*p. Let i be -1 - 1 - 3/(p/(-12)). Suppose i = 9*c - 386 - 1441. What are the prime factors of c?
7, 29
Let d = 26432 + -14328. What are the prime factors of d?
2, 17, 89
Suppose 3*j + 2*j + 2*m = -358, -m = -2*j - 136. List the prime factors of 8397/12 + 2 + j/(-56).
19, 37
Let w(n) = -3*n**2 - 25*n - 26. Let j be w(-7). Suppose -38 = -x - u + 21, -j*x + 4*u + 112 = 0. What are the prime factors of x?
2, 29
Suppose -4329251 = -87*t - 1279292. List the prime factors of t.
11, 3187
Let g(b) = -b**3 + 18*b**2 - 51*b - 22. Let j be g(12). List the prime factors of j/(2/(-3)*7 + 5).
2, 3, 5, 23
Suppose 10 + 14 = 6*n. Suppose -n*i = 3*i + 28. What are the prime factors of (1 + 0 + 1)*(-206)/i?
103
Suppose 0 = -3*j + 6 + 9. Let d = 2391 + -2386. Suppose k + d*x = 5, -k + 0*k = -j*x - 25. What are the prime factors of k?
3, 5
Let a(n) = -179*n + 96. Let d be a(-6). Let h = -364 + d. What are the prime factors of h?
2, 13, 31
Let c(v) = 4*v + 2. Suppose -g + 18 = k + 3*g, 5*k = 4*g - 6. Let j be 28/(-70)*((1 - k) + -4). List the prime factors of c(j).
2, 5
Suppose -b + 4*d + 11 = 0, 4*b + 0*d - 24 = -4*d. Suppose 4*t - 8549 = 4*n + 775, 4*t - 3*n = 9320. Suppose 6*j - t = -b*j. What are the prime factors of j?
179
What are the prime factors of (-42 - -56) + 1*7902?
2, 1979
Suppose 0 = 2*u - 2, -12 = -3*a + 5*u - 8*u. Let o be -105 + 3/a*4. Let j = o + 124. List the prime factors of j.
23
Suppose 51*u + 16524 = 57*u. Suppose -5*x + 586 = -u. List the prime factors of x.
2, 167
Let d = 7067 + 670. List the prime factors of d.
3, 2579
Suppose 0 = 55*d - 51*d - 16. Suppose -g + h = d*h - 686, 0 = 4*g - h - 2692. List the prime factors of g.
2, 337
Let y(d) = 494*d + 338. List the prime factors of y(36).
2, 13, 17, 41
Let i = 882 + -1009. Let g = -160 + 469. Let b = i + g. What are the prime factors of b?
2, 7, 13
Let b(r) = 3*r**2 - 4 - 2 - 32*r - 13 + 56*r. Let y(n) = -n**3 - 19*n**2 - 80*n + 15. Let o be y(-7). List the prime factors of b(o).
2, 11
Let l = -2804 - -1181. Let o = 2351 + l. List the prime fa